. Is 5 a factor of a(f)?
False
Let l(z) = 8*z + 0 - z**2 + 0 + 2. Let x be l(8). Let o = x + 1. Is o a multiple of 3?
True
Suppose 100 = -2*b + 7*b. Suppose 0*p - b = -5*p. Does 3 divide p?
False
Suppose 0*x - 2*x = 14. Let d = x + 15. Let l(z) = 2*z + 1. Is l(d) a multiple of 9?
False
Let f(o) = -o**2 + 11*o - 4. Suppose -2*m - 2*a + 24 = 0, 0*a - 18 = -2*m + a. Is f(m) even?
True
Let u = -2 - 0. Does 6 divide -3 - -5 - 42/u?
False
Suppose 10*o - 7*o = 48. Is 6 a factor of o?
False
Suppose -4*m + 2*m = -90. Let l = m + -27. Is 16 a factor of l?
False
Suppose -3*h + 81 + 51 = -3*b, 3*h + 5*b - 100 = 0. Is h a multiple of 8?
True
Suppose -5*g = -46 - 24. Let j = g + -9. Suppose -3*o - 2*o - 60 = -5*x, -j*x + 10 = 5*o. Is 3 a factor of x?
False
Let n(s) = 10*s + 5. Let x be n(1). Suppose w - 8 = 2*w. Let b = x + w. Is b a multiple of 6?
False
Let c(y) = -3*y - 6. Let m be c(-5). Suppose -2 = -3*z + 2*p + m, -3*z + 5*p + 23 = 0. Let u(w) = 17*w**3 - w**2 + 1. Does 17 divide u(z)?
True
Is 25 a factor of 0 + 840/9 - 1/3?
False
Let a = -6 - -9. Suppose a*l - 84 = -l. Does 7 divide l?
True
Let t(x) = -77*x + 4. Let r be t(-2). Is (r/2)/((-5)/(-5)) a multiple of 21?
False
Suppose 5*q - 2*b - 19 = 202, 4*b - 233 = -5*q. Let g = -27 + q. Is g a multiple of 9?
True
Suppose 3*x + x = 620. Does 31 divide x?
True
Let p = -163 - 92. Let d = 15 - 24. Is (-1)/3 + p/d a multiple of 14?
True
Suppose 4*r = 10 + 10. Let w = -12 + r. Is 7 a factor of w*(-1 - (-2 - -2))?
True
Let q(z) = -3*z**2 + z - 4. Let h be q(4). Let b be 1/3 + h/9. Does 7 divide (b - -3) + (0 - -9)?
True
Suppose -13 = b + 3*u + 4, -b = -5*u - 7. Let p be (4/b)/((-2)/144). Suppose 20 + p = 4*v. Does 7 divide v?
True
Is 1*189 - (8 - 5) a multiple of 19?
False
Suppose 5*o = -41 + 236. Is o a multiple of 9?
False
Suppose 0 = -3*w + 4*k - 156, 3*w + 3*k = -0*k - 177. Let y = -20 - w. Is 12 a factor of y?
True
Suppose n + 38 = 3*n. Suppose -2*k - a = k - 17, 0 = 4*k + 5*a - n. Does 5 divide k?
False
Let w(l) = l**3 + 4*l**2 - l - 2. Let a be w(-4). Suppose v + k - 19 = 0, -2*k = -a*v - 0*k + 34. Is 18 a factor of v?
True
Let p be 372/10 + 3/(-15). Let q = p - 23. Is 7 a factor of q?
True
Let p(w) = -11*w + 1 - 13*w - 5*w - 2. Is p(-1) a multiple of 14?
True
Let b(n) = -n**2 - 8*n - 3. Let f be b(-5). Suppose -w = -1, 4*k + 0*w + 4*w - f = 0. Does 13 divide (k - 6)*(-23)/2?
False
Suppose 0*j = -2*j - 6. Let i be (4 - 2)/(2/j). Is 5 a factor of (1/i)/((-4)/60)?
True
Suppose 2*k = 5*o + 683, 301 = 5*k + o - 1366. Let g = k - 235. Is g a multiple of 33?
True
Let o(n) = 3*n + 5*n**2 - n - n**2 - 3. Let h be o(3). Is 15 a factor of (-6)/(-2 - h/(-21))?
False
Let c(b) = 5*b**2 - 2*b - 6. Let i be -5 - -4 - (5 + -1). Let a be c(i). Suppose a - 45 = 2*r. Does 15 divide r?
False
Suppose k + 1 = 0, 3*z - z = 4*k + 158. Is z a multiple of 14?
False
Let v(q) = -q**3 - 2*q**2 - 2*q - 5. Does 40 divide v(-5)?
True
Let o(s) = s**2 + 5*s + 2. Suppose -a - 5 = -0*f + 3*f, -2*a + 3*f - 10 = 0. Let z be o(a). Suppose 4*u = -4*j + 92, 5*j = u + j + z. Is u a multiple of 7?
False
Let t(s) = -15*s + 3. Let r = -10 + 7. Does 15 divide t(r)?
False
Let m(a) be the third derivative of -a**4/8 + a**3/6 - 2*a**2. Suppose h = 3*i - 1, h - i + 3 = -0*i. Does 5 divide m(h)?
False
Suppose -3*a - 2*j + 5*j = -210, -120 = -2*a - 3*j. Is 13 a factor of a?
False
Let i be -2 + (0 - -6) + -1. Suppose -i*u = 2*d - 12, -3*u + 5*d = -4*u + 4. Suppose 63 = u*x - 5. Does 7 divide x?
False
Suppose -2*a - 2*z = 4, 4*a + 0*z = 4*z. Does 21 divide a/(-2*2/168)?
True
Suppose -2*r = r - 177. Suppose 4*k - 1 - r = 0. Is 11 a factor of k?
False
Let p = 9 + 42. Is 11 a factor of p?
False
Let m = -43 + -12. Let n be m/(-10) - (-1)/(-2). Suppose 0 = n*t, -5*t = -2*x - 4*t + 68. Is 14 a factor of x?
False
Suppose -3*l - 247 - 5 = 0. Let i = 143 + l. Is 21 a factor of i?
False
Let m(n) = 2*n**2 + 5 - 2 - 7*n - n. Is 6 a factor of m(6)?
False
Let b(h) = h**2 + 5*h. Is 2 a factor of b(-6)?
True
Let m(f) = f**2 + 2*f + 2. Let v be m(-2). Suppose -3*o + 2*t = -8, o + o = 5*t + 9. Suppose o*h = -v*h + 24. Is h a multiple of 3?
True
Suppose -5*q = 4*t - 12, -5*t + 11 = -2*q - 4. Let r = 2 - q. Suppose 2 = r*h - 24. Is 9 a factor of h?
False
Let i(h) = h**2 - 5*h - 4. Let k be i(6). Suppose n + k = 3*n. Let f(l) = 16*l**2 - l. Does 7 divide f(n)?
False
Suppose 0 = 5*d - 4*m - 10, 2*d - 2*m = -0*d + 4. Suppose 3*n - d*n = 20. Is n a multiple of 10?
True
Let g = -25 + 25. Suppose g = -5*v + 71 + 4. Is 15 a factor of v?
True
Let d be (-14 + 1)/(2/4). Let r = -6 - d. Is r a multiple of 10?
True
Let g(m) = 6 - m**3 + m - 3 - m**2 + 2*m**3. Let b be g(0). Is 13 a factor of (-6)/1*(-13)/b?
True
Suppose -2*q + 0*q = -3*l + 19, -q = 4*l - 7. Suppose -5*d - l*v = -3*d - 83, 0 = -3*d + v + 97. Is 13 a factor of d?
False
Let o(a) = 7*a**2. Let l be o(-1). Let s = -4 + l. Let z(b) = b**2 - 2*b + 1. Is z(s) even?
True
Let p(b) = 61*b**2 - b. Let z = 0 - 1. Does 17 divide p(z)?
False
Let z(q) = -q**3 + 3*q**2 + 4*q + 2. Let f be z(4). Let d(j) = 6 + 5*j + 5*j**2 - f*j**2 - 4*j**2. Is d(5) a multiple of 5?
False
Let g be (-2 - 0) + (-8 - -8). Let i(z) = 2*z - 3. Let a(q) = -5*q + 7. Let k(o) = 6*a(o) + 14*i(o). Is 3 a factor of k(g)?
False
Let d(g) = g + 6. Let x be d(-5). Let j(k) = -37*k**2 + 2*k - 1. Let t be j(x). Let r = t + 63. Is 9 a factor of r?
True
Let f(l) = 22*l - 38. Is 14 a factor of f(10)?
True
Suppose 4*q + h = 2*h - 85, 0 = 2*h + 6. Suppose -j - 31 - 12 = 0. Let s = q - j. Does 21 divide s?
True
Let c be 16/1 + -2 + -3. Let f = -7 + c. Does 4 divide f?
True
Suppose -507 = -7*w - 115. Is w a multiple of 6?
False
Let w = -118 + 136. Is 18 a factor of w?
True
Suppose -5*v - 2*f = 2*f - 76, 0 = -4*v - 5*f + 59. Does 4 divide v?
True
Let s be (-6)/(-4)*(-80)/(-15). Suppose 3*d = 4*d - s. Does 8 divide d?
True
Let q(n) = -n**3 - 8*n**2 + 3*n - 5. Let b be q(-8). Let x = b - -55. Is 9 a factor of x?
False
Let j(d) = -d - 7. Let t be j(-3). Let a = -4 - t. Let v = 9 + a. Is 5 a factor of v?
False
Let k = 155 + -71. Does 12 divide k?
True
Does 3 divide (6 - 0 - 147)*2/(-6)?
False
Suppose -d + 1 - 2 = -5*h, 2 = d - 2*h. Suppose d*s + 8 = 8*s. Suppose s*a - 27 = a. Is 8 a factor of a?
False
Let u = -70 - -91. Is 7 a factor of u?
True
Suppose -4*h + 271 = -145. Is h a multiple of 18?
False
Let j(d) = 9*d**2 - 4*d. Let m be j(-3). Suppose 5*t + 2*l + 2 = 454, 3*l = -t + m. Suppose 3*g + 5*x = x + t, 4*g + x - 107 = 0. Does 13 divide g?
True
Let t = -339 - -499. Is t a multiple of 32?
True
Let w be (24/30)/((-1)/(-5)). Suppose 5*x - 6 = w*x. Is x a multiple of 6?
True
Is -1*(-21)/(-3)*-7 a multiple of 21?
False
Is 2 + 24/(-15) + (-378)/(-5) a multiple of 14?
False
Let x(n) = n**2 + n + 7. Is 2 a factor of x(0)?
False
Let b(t) = t**3 - 10*t**2 + 9*t + 2. Let h be b(9). Suppose 0 = f - n - 16, -36 - h = -3*f + n. Is 6 a factor of f?
False
Suppose -2*o - o = -3*f - 21, -2*o - 4*f = 10. Suppose -3*k + y - 37 = -0*y, 4*y - 40 = o*k. Let c = k - -19. Is 7 a factor of c?
True
Let d(r) = -5 + 2*r**2 + 4 - 3*r - 3 + r. Let m be d(-5). Suppose -m + 24 = -4*v. Does 6 divide v?
False
Let o(q) = 11*q**3 - q**2 + q - 1. Let b = -3 + 4. Let r be o(b). Let t = 0 + r. Does 5 divide t?
True
Let c(o) = o + 8. Let q be 3/((-1)/2 - 0). Let r be c(q). Suppose -5*a + r*k = -77, k + 4 = 2*k. Does 17 divide a?
True
Let f = -215 + 378. Is 35 a factor of f?
False
Let q be 2*(-4)/(32/52). Let w = q - -23. Is w a multiple of 10?
True
Suppose d = 3 + 3. Let m = d + -4. Suppose -2*g - 40 = -m*q - 14, -5*q - 4*g + 65 = 0. Is q a multiple of 8?
False
Let b = -9 + 57. Suppose 5*w - 62 = b. Does 11 divide w?
True
Let o be 2/(2*2/(-8)). Let t = -7 - o. Is 6 a factor of (68/(-6))/(2/t)?
False
Let s = 155 - 147. Is s a multiple of 4?
True
Suppose 0 = 5*h - 25, -2*n + 4*h - 17 = -h. Suppose 5*q - 2*q = -5*w - 13, -4*w - 4 = -n*q. Is (-15)/(3/(-1)) - w a multiple of 7?
True
Let v be (-2 + -1)*104/(-12). Let y = v - 17. Does 4 divide y?
False
Suppose -39 = 7*p - 459. Does 12 divide p?
True
Let r = 323 + -224. Is 29 a factor of r?
False
Let n be (-5 - -3) + (-8 - -1). Let x = n + 24. Is x a multiple of 4?
False
Let z be -3 - (-2 - 0) - -130. Let g = z - 84. Is 21 a factor of g?
False
Is 8 a factor of 3 + 5 - 0/